{"id":142,"date":"2018-03-14T00:00:11","date_gmt":"2018-03-13T23:00:11","guid":{"rendered":"http:\/\/botofox.de\/?page_id=142"},"modified":"2022-06-11T22:47:30","modified_gmt":"2022-06-11T20:47:30","slug":"boto-fox-2","status":"publish","type":"page","link":"https:\/\/botofox.de\/handmade-fotobox-marburg\/","title":{"rendered":"Start"},"content":{"rendered":"<h1 style=\"text-align: center;\"><span style=\"color: #dd7213;\">IHR EVENT &#8211; IHRE FOTOBOX<\/span><\/h1>\n<p>&nbsp;<\/p>\n<p><img loading=\"lazy\" decoding=\"async\" src=\"http:\/\/botofox.de\/wp-content\/uploads\/2018\/05\/Botofox01.jpg\" alt=\"\" width=\"1600\" height=\"802\" class=\"aligncenter size-full wp-image-1381\" \/><br \/>\n&nbsp;<\/p>\n<h1 style=\"text-align: center;\"><span style=\"color: #dd7213;\">Die Fotobox f\u00fcr jeden Anlass:<\/span><\/h1>\n<p>&nbsp;<\/p>\n<p>Boto Fox aus dem Hause <a href=\"http:\/\/zebastiansson-fotografie.de\">Z\u00e9 Bastiansson Fotografie<\/a> ist eine liebevoll gestaltete Fotobox (Photobooth) f\u00fcr Ihre Hochzeit oder Feierlichkeit (z.B. Familien-, Firmen- oder Weihnachtsfeier) im Raum Marburg, bei der mit jeder Menge Spa\u00df unvergessliche Momente festgehalten werden sollen.<\/p>\n<p>Die Fotobox passt mit ihrem edlen Nussbaum-Look in fast jedes Ambiente und kann in <a href=\"http:\/\/botofox.de\/pakete-preise\/\">verschiedenen Paketen<\/a> gebucht werden, je nachdem welchen Leistungsumfang Sie w\u00fcnschen.<\/p>\n<p>&nbsp;<br \/>\n&nbsp;<\/p>\n<p><img loading=\"lazy\" decoding=\"async\" src=\"http:\/\/botofox.de\/wp-content\/uploads\/2018\/05\/Botofox03.jpg\" alt=\"\" width=\"1800\" height=\"963\" class=\"aligncenter size-full wp-image-1397\" \/><\/p>\n<p>&nbsp;<\/p>\n<h1 style=\"text-align: center;\"><span style=\"color: #dd7213;\">Die Technik in der Fotobox:<\/span><\/h1>\n<p>&nbsp;<\/p>\n<p>Das Herz der Fotobox ist eine <span style=\"color: #dd7213;\">Canon EOS 70D<\/span> mit 20,2 Megapixeln f\u00fcr hochaufl\u00f6sende Bilder. Das Sigma Zoomobjektiv sorgt f\u00fcr Flexibilit\u00e4t bei der Auswahl des Bildausschnitts.<\/p>\n<p>Unmittelbar nach dem Ausl\u00f6sen kann das gemachte Foto auf einem Bildschirm angeschaut werden.<\/p>\n<p>In den Paketen &#8222;Pro&#8220; und &#8222;Premium&#8220; kann \u00fcber diesen Bildschirm auch der <span style=\"color: #dd7213;\">Sofortdruck<\/span> eines Fotos angesto\u00dfen werden. So kann jeder Fotofreund nach etwa 10-15 Sekunden ein Foto im Format 10&#215;15 cm als Erinnerung in den H\u00e4nden halten und in ein G\u00e4stebuch kleben oder mit nach Hause nehmen.<\/p>\n<p>F\u00fcr die perfekte Ausleuchtung sorgt ein <span style=\"color: #dd7213;\">Wallimex Studioblitz<\/span> mit 300 Watt. Der montierte Beauty-Dish nimmt dem Blitz die H\u00e4rte und sorgt f\u00fcr ein weiches, angenehmes Licht, sodass die Portraitierten perfekt in Szene gesetzt werden.<\/p>\n<p>Als Ausl\u00f6ser k\u00f6nnen Sie zwischen einem <span style=\"color: #dd7213;\">Buzzer<\/span> und einem <span style=\"color: #dd7213;\">Fu\u00dftaster<\/span> w\u00e4hlen, die per Funk mit der Fotobox kommunizieren und so auf unn\u00f6tige Stolperfallen verzichten.<\/p>\n<p>Boto Fox ben\u00f6tigt nichts weiter als eine herk\u00f6mmliche Steckdose, etwa 3&#215;3 Meter Platz, eine Deckenh\u00f6he von etwa 2,30 Meter und einen Tisch f\u00fcr die Verkleidungsutensilien.<\/p>\n<p>&nbsp;<br \/>\n&nbsp;<\/p>\n<p><img loading=\"lazy\" decoding=\"async\" src=\"http:\/\/botofox.de\/wp-content\/uploads\/2018\/05\/Botofox02.jpg\" alt=\"\" width=\"1600\" height=\"1067\" class=\"aligncenter size-full wp-image-1383\" \/><\/p>\n<p>&nbsp;<\/p>\n<h1 style=\"text-align: center;\"><span style=\"color: #dd7213;\">Das Zubeh\u00f6r:<\/span><\/h1>\n<p>&nbsp;<\/p>\n<p>Boto Fox wird mit einer Vielzahl an <span style=\"color: #dd7213;\">Verkleidungsutensilien<\/span> geliefert. So haben Ihre G\u00e4ste die M\u00f6glichkeit noch mehr Spa\u00df beim Botofoxen zu haben. In den Paketen &#8222;Pro&#8220; und &#8222;Premium&#8220; ist dar\u00fcberhinaus ein <span style=\"color: #dd7213;\">Hintergrundsystem<\/span> enthalten, an dem z.B. Vorh\u00e4nge oder eine Fototapete angebracht werden k\u00f6nnen. Sie k\u00f6nnen zwischen einem schlicht schwarzen, einem wei\u00dfen und einem Hintergrund in Holzoptik w\u00e4hlen oder einen eigenen Hintergrund anbringen.<\/p>\n<p>Die Box thront auf einem professionellen, hochwertigen Berlebach-Stativ in exklusiver Optik.<\/p>\n<p>&nbsp;<br \/>\n&nbsp;<br \/>\n<img loading=\"lazy\" decoding=\"async\" src=\"http:\/\/botofox.de\/wp-content\/uploads\/2018\/05\/Botofox24.jpg\" alt=\"\" width=\"1636\" height=\"858\" class=\"aligncenter size-full wp-image-1512\" \/><\/p>\n<p>&nbsp;<\/p>\n<h1 style=\"text-align: center;\"><span style=\"color: #dd7213;\">Wie k\u00f6nnte das Setting aussehen?<\/span><\/h1>\n<p>&nbsp;<\/p>\n<p>Eine Variante w\u00e4re die Fotobox im Bereich der Tanzfl\u00e4che aufzustellen. So haben Ihre G\u00e4ste die M\u00f6glichkeit schnell zwischen Tanzfl\u00e4che, Theke und Fotobox hin und her zu wechseln. Ich habe die Erfahrung gemacht, dass die Tanzfl\u00e4che bei diesem Aufbau sogar profitiert und l\u00e4nger gef\u00fcllt bleibt. Nat\u00fcrlich kann Boto Fox auch im Eingangsbereich oder wo Sie m\u00f6chten aufgestellt werden.<\/p>\n<p>&nbsp;<br \/>\n&nbsp;<br \/>\n<img loading=\"lazy\" decoding=\"async\" src=\"http:\/\/botofox.de\/wp-content\/uploads\/2018\/05\/Botofox06.png\" alt=\"\" width=\"1600\" height=\"536\" class=\"aligncenter size-full wp-image-1395\" \/><\/p>\n<p>&nbsp;<\/p>\n<h1 style=\"text-align: center;\"><span style=\"color: #dd7213;\">Wo ist Boto Fox zuhause?<\/span><\/h1>\n<p>&nbsp;<\/p>\n<p>Die Fotobox Boto Fox kommt aus der hessischen Universit\u00e4tsstadt Marburg. Die Lieferung und Abholung von Boto Fox ist bis zu einer Entfernung von 30 Kilometern im Preis enthalten. Bei einer Anfahrt von mehr als 30 Kilometern wird ein Aufschlag von 0,30\u20ac pro weiterem gefahrenen Kilometer erhoben.<\/p>\n","protected":false},"excerpt":{"rendered":"<p>IHR EVENT &#8211; IHRE FOTOBOX &nbsp; &nbsp; Die Fotobox f\u00fcr jeden Anlass: &nbsp; Boto Fox aus dem Hause Z\u00e9 Bastiansson Fotografie ist eine liebevoll gestaltete Fotobox (Photobooth) f\u00fcr Ihre Hochzeit oder Feierlichkeit (z.B. Familien-, Firmen-<a class=\"read-more\" href=\"https:\/\/botofox.de\/handmade-fotobox-marburg\/\">Continue reading<\/a><\/p>\n","protected":false},"author":1,"featured_media":0,"parent":0,"menu_order":0,"comment_status":"closed","ping_status":"closed","template":"page-templates\/page_fullwidth.php","meta":{"footnotes":""},"class_list":["post-142","page","type-page","status-publish","hentry"],"_links":{"self":[{"href":"https:\/\/botofox.de\/handmade-fotobox-marburg\/wp-json\/wp\/v2\/pages\/142","targetHints":{"allow":["GET"]}}],"collection":[{"href":"https:\/\/botofox.de\/handmade-fotobox-marburg\/wp-json\/wp\/v2\/pages"}],"about":[{"href":"https:\/\/botofox.de\/handmade-fotobox-marburg\/wp-json\/wp\/v2\/types\/page"}],"author":[{"embeddable":true,"href":"https:\/\/botofox.de\/handmade-fotobox-marburg\/wp-json\/wp\/v2\/users\/1"}],"replies":[{"embeddable":true,"href":"https:\/\/botofox.de\/handmade-fotobox-marburg\/wp-json\/wp\/v2\/comments?post=142"}],"version-history":[{"count":93,"href":"https:\/\/botofox.de\/handmade-fotobox-marburg\/wp-json\/wp\/v2\/pages\/142\/revisions"}],"predecessor-version":[{"id":8842,"href":"https:\/\/botofox.de\/handmade-fotobox-marburg\/wp-json\/wp\/v2\/pages\/142\/revisions\/8842"}],"wp:attachment":[{"href":"https:\/\/botofox.de\/handmade-fotobox-marburg\/wp-json\/wp\/v2\/media?parent=142"}],"curies":[{"name":"wp","href":"https:\/\/api.w.org\/{rel}","templated":true}]}}